-1
Let j(o) = -880*o - 14962. Determine j(-17).
-2
Let u(j) = 6*j - 316. Determine u(-10).
-376
Let a(k) = 2*k**2 - 66*k + 423. Calculate a(28).
143
Let b(o) = 6*o**2 - 29*o - 21. Determine b(11).
386
Let v(i) = i**3 - i**2 + 26*i + 268. Give v(0).
268
Let c(q) = -q**3 - 15*q**2 - 27*q + 2. Give c(-8).
-230
Let l(h) = 8*h**3 + h**2 + 3*h - 4. Give l(-3).
-220
Let t(a) = 20*a**3 - 7*a**2 - 10*a + 16. Determine t(2).
128
Let y(j) = 224*j - 45. Calculate y(0).
-45
Let l(k) = -893*k + 9832. Give l(11).
9
Let r(p) = 2*p**2 - 44*p - 19749. Calculate r(-89).
9
Let m(t) = t**3 + 6*t**2 + 11*t - 262. Give m(0).
-262
Let f(q) = 164*q + 1612. Give f(-10).
-28
Let b(m) = 14*m + 599. Give b(12).
767
Let o(p) = -10*p**2 - 210*p - 4. Calculate o(-21).
-4
Let g(b) = 2*b**2 + 92*b + 141. What is g(-37)?
-525
Let z(w) = -12*w**3 + 10*w**2 + 21*w + 39. Give z(-4).
883
Let n(t) = t**3 - 17*t**2 + 74*t - 53. Calculate n(6).
-5
Let o(g) = 2*g**3 + 61*g**2 + 292*g - 480. What is o(-24)?
0
Let s(y) = 9*y**3 + 101*y**2 - 205*y - 2. What is s(2)?
64
Let y(a) = -8083*a - 88924. What is y(-11)?
-11
Let h(p) = p**3 - 4*p**2 - 4*p - 261. Give h(8).
-37
Let h(o) = o**2 + 51*o + 318. Give h(-7).
10
Let y(a) = -a**3 + 4*a**2 + 67*a + 21. What is y(-6)?
-21
Let u(p) = -30*p**3 + 3*p**2 - 2*p - 5. What is u(-1)?
30
Let o(j) = 440*j + 24239. Give o(-55).
39
Let t(w) = w**3 - 12*w**2 - 17*w + 17. What is t(15)?
437
Let m(j) = 379*j + 3434. Give m(-9).
23
Let r(m) = -m**2 - 37*m + 17. Determine r(-37).
17
Let d(n) = 11*n - 387. What is d(37)?
20
Let g(m) = -5*m - 10. What is g(1)?
-15
Let a(g) = 493*g - 6420. Calculate a(13).
-11
Let r(j) = j**2 + 896*j + 2667. Give r(-3).
-12
Let u(y) = -453*y - 9064. Determine u(-20).
-4
Let v(f) = f**3 + 23*f**2 + 37*f - 58. What is v(-21)?
47
Let n(y) = -y**3 + 28*y**2 - 77*y + 3306. Give n(29).
232
Let u(r) = 4266*r - 38398. What is u(9)?
-4
Let u(c) = -411*c + 2918. Give u(7).
41
Let c(d) = -d**2 - 83*d - 1740. Determine c(-42).
-18
Let f(h) = 5*h**2 - 99*h + 97. Determine f(18).
-65
Let s(o) = 14*o**3 - 2*o**2 + 5*o - 2. What is s(2)?
112
Let x(t) = 17*t + 33. Give x(-4).
-35
Let g(a) = 37*a**2 + 2*a + 5. Calculate g(-3).
332
Let j(u) = -6*u**3 + 17*u**2 + 10*u - 10. What is j(4)?
-82
Let i(o) = -14*o**3 - 19*o**2 + 66*o - 46. What is i(2)?
-102
Let w(a) = -a**3 + 10*a**2 - 15*a + 8. Give w(4).
44
Let u(a) = 3*a**3 + 37*a**2 + 38*a + 305. Determine u(-12).
-7
Let t(b) = 63*b + 177. Determine t(-3).
-12
Let g(h) = 9*h**3 - 3*h**2 - 2*h - 16. Calculate g(-3).
-280
Let m(s) = 72*s - 1237. Give m(17).
-13
Let u(l) = 8*l - 484. Give u(68).
60
Let x(c) = -23*c + 590. Give x(26).
-8
Let i(w) = -w**2 - 18*w + 485. Determine i(18).
-163
Let n(y) = -y**3 + 122*y**2 + 1755*y - 8. Give n(135).
-8
Let l(h) = -h**2 + 946*h - 3762. Determine l(4).
6
Let h(q) = -q**3 - 56*q**2 - 158*q + 40. Calculate h(-53).
-13
Let v(j) = -j**3 + 19*j**2 - 4*j - 196. Calculate v(19).
-272
Let y(i) = 3*i**3 + 4*i**2 - 14*i + 56. Give y(5).
461
Let z(b) = 3*b**3 - 2*b**2 + 37*b - 35. What is z(1)?
3
Let l(w) = -4*w**2 + 56*w + 130. Determine l(16).
2
Let d(z) = z**2 - 1150*z - 5780. Calculate d(-5).
-5
Let o(z) = 1356*z - 168. Determine o(0).
-168
Let v(t) = -521*t - 5229. Calculate v(-10).
-19
Let v(o) = 571*o + 2194. Determine v(-4).
-90
Let c(x) = 19*x + 182. Give c(-19).
-179
Let w(a) = -9*a - 23. Give w(1).
-32
Let t(s) = -s**2 - 66*s + 574. Calculate t(8).
-18
Let z(h) = h**3 - 13*h**2 + 22*h + 110. What is z(5)?
20
Let r(w) = 88*w + 465. Give r(-4).
113
Let u(q) = 20*q**2 + 436*q - 1051. Calculate u(-24).
5
Let t(l) = -2*l**2 + 35*l - 56. Calculate t(34).
-1178
Let q(g) = 113*g**2 + 8*g + 7. What is q(-2)?
443
Let n(g) = g**3 - 38*g**2 + 69*g + 113. What is n(36)?
5
Let x(q) = 28*q - 492. Calculate x(34).
460
Let c(f) = -6*f**2 - 95*f - 363. Determine c(-9).
6
Let b(q) = -2*q**3 + 75*q**2 - 173*q - 117. What is b(35)?
-47
Let y(j) = 20*j - 1217. Calculate y(61).
3
Let g(z) = -9*z**2 - 20*z - 2. What is g(-2)?
2
Let p(w) = 6728*w + 26915. Determine p(-4).
3
Let j(v) = -19158*v + 76613. Determine j(4).
-19
Let j(y) = 14*y + 35. Give j(-1).
21
Let f(o) = -200*o - 981. Determine f(-5).
19
Let q(t) = -3*t**3 + 23*t**2 - 13*t - 17. What is q(9)?
-458
Let y(k) = -399*k - 615. Calculate y(-3).
582
Let i(h) = 2*h**3 + 9*h**2 - 338*h - 13. What is i(11)?
20
Let s(v) = -3*v**2 - 57*v - 769. Give s(-15).
-589
Let z(h) = -h**2 + 25*h + 69. What is z(21)?
153
Let z(p) = p**3 + 11*p**2 - 134. Determine z(-8).
58
Let d(l) = -2*l**3 + 23*l**2 + 22*l - 181. Give d(10).
339
Let j(o) = -138*o - 1209. Calculate j(-9).
33
Let a(b) = -1268*b - 3802. Calculate a(-3).
2
Let j(i) = -i**2 + 43*i - 435. Give j(18).
15
Let k(i) = -i**2 - 297*i - 3078. Determine k(-11).
68
Let p(h) = -h**3 + 14*h**2 + 1109*h - 76. What is p(41)?
6
Let w(s) = s**3 - 7*s**2 + 31*s - 143. Determine w(6).
7
Let m(t) = -t**2 + 2*t + 876. Calculate m(31).
-23
Let p(t) = t**2 - 89*t + 255. Give p(3).
-3
Let q(v) = 418*v - 2486. Calculate q(6).
22
Let w(q) = 6*q + 75. Determine w(1).
81
Let o(c) = -3*c**3 + 17*c**2 - 199*c + 948. Calculate o(5).
3
Let z(y) = 8*y**2 - 89*y + 90. Give z(10).
0
Let a(q) = -q**2 - q + 116. Give a(-11).
6
Let p(u) = u**3 + 22*u**2 - 80*u - 68. What is p(-25)?
57
Let z(x) = -x**3 + 17*x**2 - 4*x + 105. What is z(16)?
297
Let f(t) = -t**2 - 16*t + 164. What is f(8)?
-28
Let a(p) = -198*p + 322. Determine a(2).
-74
Let a(i) = -i**3 - 7*i**2 - 11*i + 9. Determine a(-4).
5
Let n(r) = 96*r + 959. Give n(-10).
-1
Let w(m) = 30*m**2 - 9*m + 14. Give w(2).
116
Let y(f) = f**3 + 44*f**2 + 154*f + 1269. Calculate y(-41).
-2
Let w(k) = k**3 + 168*k + 1226. Give w(-6).
2
Let b(j) = 16*j - 728. Determine b(44).
-24
Let x(n) = 121*n - 574. Determine x(4).
-90
Let q(l) = -4*l**3 + 4*l**2 + 10*l + 5. What is q(-1)?
3
Let s(a) = 6*a + 163. Determine s(-31).
-23
Let b(y) = -y**2 - 45*y + 1512. Give b(22).
38
Let b(w) = -2*w**3 + 176*w**2 - 177*w + 283. Calculate b(87).
22
Let l(k) = 37*k - 489. Determine l(14).
29
Let a(b) = -6*b**2 - 138*b - 200. Give a(-19).
256
Let w(v) = -222*v + 442. Determine w(2).
-2
Let t(c) = -c**3 + 11*c**2 - 87*c + 38. Determine t(7).
-375
Let i(b) = -47*b + 18. Give i(3).
-123
Let v(h) = -88*h + 19078. What is v(217)?
-18
Let k(y) = -5*y**2 + 42*y + 28. Calculate k(10).
-52
Let a(q) = q**3 + 193*q**2 + 1658*q + 22. Calculate a(-9).
4
Let u(f) = -11*f - 245. Give u(-34).
129
Let l(h) = -2*h**2 + 32*h + 291. What is l(23)?
-31
Let a(k) = 3*k**2 - 47*k + 137. What is a(12)?
5
Let i(t) = -11*t + 14. Give i(-26).
300
Let k(f) = -42*f**2 + 410*f + 1125. Calculate k(12).
-3
Let t(g) = 37*g**2 + 3327*g - 290. What is t(-90)?
-20
Let x(p) = -p**2 - 18*p - 12. Determine x(-12).
60
Let t(p) = 126*p - 284. Determine t(1).
-158
Let i(j) = -j**3 - 6*j**2 + 39*j + 7. Give i(4).
3
Let j(p) = -4*p**3 + 2*p**2 - 144*p - 311. Calculate j(-2).
17
Let j(z) = 142*z + 2002. Determine j(-14).
14
Let u(k) = -k**2 + 559*k - 2224. Determine u(4).
-4
Let p(s) = -117*s - 2665. Calculate p(-23).
26
Let p(b) = -b**3 + 15*b**2 + 34*b - 316. Calculate p(17).
-316
Let h(z) = 501*z - 2546. What is h(5)?
-41
Let d(r) = -124*r - 16. What is d(1)?
-140
Let s(c) = 42*c**2 + 1466*c - 142. Calculate s(-35).
-2
Let a(d) = -d**3 - 10*d**2 - 26*d - 54. Determine a(-8).
26
Let d(q) = -q**3 - 2*q**2 - 2*q - 58. What is d(0)?
-58
Let x(z) = -7*z**3 + 8*z**2 + 130*z - 428. Calculate x(3).
-155
Let p(r) = 22*r - 398. Calculate p(16).
-46
Let f(z) = z**3 - 9*z**2 + 12. Determine f(8).
-52
Let j(t) = -t**2 - 18*t - 14. What is j(-18)?
-14
Let w(f) = 21*f + 625. Calculate w(-30).
-5
Let l(o) = 10*o**2 - 2408*o - 476. Calculate l(241).
6
Let r(x) = -2*x**2 - 53*x + 353. Calculate r(-32).
1
Let m(w) = -42*w + 2746. Give m(66).
-26
Let m(c) = -2*c**2 + 12*c - 17. Calculate m(7).
-31
Let q(w) = 22*w - 193. Determine q(22).
291
Let d(s) = -s**3 - 3*s**2 - 21*s - 29. Give d(-5).
126
Let x(q) = -q**3 + 2*q**2 - 17*q + 12. What is x(0)?
12
Let o(r) = 57*r + 2515. Determine o(-46).
-107
Let k(z) = 2*z**2 + 13*z + 18. Determine k(-4).
-2
Let m(z) = 2*z**3 - 17*z**2 - 51*z + 402. Determine m(9).
24
Let w(c) = -20*c**2 + 1381*c - 80. What is w(69)?
-11
Let k(h) = 17*h**2 - 12*h - 22. Calculate k(5).
343
Let o(b) = b**3 + 2*b**2 - 60*b - 216